{"version":"1.0","provider_name":"Almasyf.cz | Limuz\u00edny Praha","provider_url":"https:\/\/www.almasyf.cz\/cz","author_name":"Martin Jir\u00e1sek","author_url":"https:\/\/www.almasyf.cz\/cz\/author\/mdworks\/","title":"Pron\u00e1jem limuz\u00edn &amp; Transfery - Almasyf.cz | Limuz\u00edny Praha","type":"rich","width":600,"height":338,"html":"<blockquote class=\"wp-embedded-content\" data-secret=\"MOiD50A4JJ\"><a href=\"https:\/\/www.almasyf.cz\/cz\/pronajem-luxusnich-vozu-s-ridicem\/\">Pron\u00e1jem limuz\u00edn &amp; Transfery<\/a><\/blockquote><iframe sandbox=\"allow-scripts\" security=\"restricted\" src=\"https:\/\/www.almasyf.cz\/cz\/pronajem-luxusnich-vozu-s-ridicem\/embed\/#?secret=MOiD50A4JJ\" width=\"600\" height=\"338\" title=\"&#8222;Pron\u00e1jem limuz\u00edn &amp; Transfery&#8220; &#8212; Almasyf.cz | Limuz\u00edny Praha\" data-secret=\"MOiD50A4JJ\" frameborder=\"0\" marginwidth=\"0\" marginheight=\"0\" scrolling=\"no\" class=\"wp-embedded-content\"><\/iframe><script type=\"text\/javascript\">\n\/* <![CDATA[ *\/\n\/*! This file is auto-generated *\/\n!function(d,l){\"use strict\";l.querySelector&&d.addEventListener&&\"undefined\"!=typeof URL&&(d.wp=d.wp||{},d.wp.receiveEmbedMessage||(d.wp.receiveEmbedMessage=function(e){var t=e.data;if((t||t.secret||t.message||t.value)&&!\/[^a-zA-Z0-9]\/.test(t.secret)){for(var s,r,n,a=l.querySelectorAll('iframe[data-secret=\"'+t.secret+'\"]'),o=l.querySelectorAll('blockquote[data-secret=\"'+t.secret+'\"]'),c=new RegExp(\"^https?:$\",\"i\"),i=0;i<o.length;i++)o[i].style.display=\"none\";for(i=0;i<a.length;i++)s=a[i],e.source===s.contentWindow&&(s.removeAttribute(\"style\"),\"height\"===t.message?(1e3<(r=parseInt(t.value,10))?r=1e3:~~r<200&&(r=200),s.height=r):\"link\"===t.message&&(r=new URL(s.getAttribute(\"src\")),n=new URL(t.value),c.test(n.protocol))&&n.host===r.host&&l.activeElement===s&&(d.top.location.href=t.value))}},d.addEventListener(\"message\",d.wp.receiveEmbedMessage,!1),l.addEventListener(\"DOMContentLoaded\",function(){for(var e,t,s=l.querySelectorAll(\"iframe.wp-embedded-content\"),r=0;r<s.length;r++)(t=(e=s[r]).getAttribute(\"data-secret\"))||(t=Math.random().toString(36).substring(2,12),e.src+=\"#?secret=\"+t,e.setAttribute(\"data-secret\",t)),e.contentWindow.postMessage({message:\"ready\",secret:t},\"*\")},!1)))}(window,document);\n\/* ]]> *\/\n<\/script>\n","thumbnail_url":"https:\/\/www.almasyf.cz\/cz\/wp-content\/uploads\/sites\/2\/2024\/04\/hero-pronajem-new.webp","thumbnail_width":1796,"thumbnail_height":1564,"description":"Specializujeme se na pron\u00e1jem luxusn\u00edch voz\u016f s \u0159idi\u010dem v Praze, \u010cesk\u00e9 republice i EU pro leti\u0161tn\u00ed a business transfery, hodinov\u00e9 pron\u00e1jmy i dopravu pro vl\u00e1dn\u00ed a diplomatick\u00e9 delegace. Poskytujeme tak\u00e9 osobn\u00ed ochranu, slu\u017eby pro business a osobn\u00ed ud\u00e1losti a kompletn\u00ed servis private jet na termin\u00e1lu T3 na leti\u0161ti V\u00e1clava Havla. Na\u0161i zku\u0161en\u00ed \u0159idi\u010di jsou profesion\u00e1lov\u00e9 [&hellip;]"}

Almasyf.cz | Limuzíny Praha

Martin Jirásek

Pronájem limuzín &amp; Transfery - Almasyf.cz | Limuzíny Praha

<blockquote class="wp-embedded-content" data-secret="MOiD50A4JJ"><a href="https://www.almasyf.cz/cz/pronajem-luxusnich-vozu-s-ridicem/">Pronájem limuzín &amp; Transfery</a></blockquote><iframe sandbox="allow-scripts" security="restricted" src="https://www.almasyf.cz/cz/pronajem-luxusnich-vozu-s-ridicem/embed/#?secret=MOiD50A4JJ" width="600" height="338" title="&#8222;Pronájem limuzín &amp; Transfery&#8220; &#8212; Almasyf.cz | Limuzíny Praha" data-secret="MOiD50A4JJ" frameborder="0" marginwidth="0" marginheight="0" scrolling="no" class="wp-embedded-content"></iframe><script type="text/javascript">
/* <![CDATA[ */
/*! This file is auto-generated */
!function(d,l){"use strict";l.querySelector&&d.addEventListener&&"undefined"!=typeof URL&&(d.wp=d.wp||{},d.wp.receiveEmbedMessage||(d.wp.receiveEmbedMessage=function(e){var t=e.data;if((t||t.secret||t.message||t.value)&&!/[^a-zA-Z0-9]/.test(t.secret)){for(var s,r,n,a=l.querySelectorAll('iframe[data-secret="'+t.secret+'"]'),o=l.querySelectorAll('blockquote[data-secret="'+t.secret+'"]'),c=new RegExp("^https?:$","i"),i=0;i<o.length;i++)o[i].style.display="none";for(i=0;i<a.length;i++)s=a[i],e.source===s.contentWindow&&(s.removeAttribute("style"),"height"===t.message?(1e3<(r=parseInt(t.value,10))?r=1e3:~~r<200&&(r=200),s.height=r):"link"===t.message&&(r=new URL(s.getAttribute("src")),n=new URL(t.value),c.test(n.protocol))&&n.host===r.host&&l.activeElement===s&&(d.top.location.href=t.value))}},d.addEventListener("message",d.wp.receiveEmbedMessage,!1),l.addEventListener("DOMContentLoaded",function(){for(var e,t,s=l.querySelectorAll("iframe.wp-embedded-content"),r=0;r<s.length;r++)(t=(e=s[r]).getAttribute("data-secret"))||(t=Math.random().toString(36).substring(2,12),e.src+="#?secret="+t,e.setAttribute("data-secret",t)),e.contentWindow.postMessage({message:"ready",secret:t},"*")},!1)))}(window,document);
/* ]]> */
</script>

Specializujeme se na pronájem luxusních vozů s řidičem v Praze, České republice i EU pro letištní a business transfery, hodinové pronájmy i dopravu pro vládní a diplomatické delegace. Poskytujeme také osobní ochranu, služby pro business a osobní události a kompletní servis private jet na terminálu T3 na letišti Václava Havla. Naši zkušení řidiči jsou profesionálové [&hellip;]
