{"id":131,"date":"2024-02-26T16:16:57","date_gmt":"2024-02-26T16:16:57","guid":{"rendered":"https:\/\/almasyf.mdworks-dev.cz\/?page_id=131"},"modified":"2024-12-17T20:24:40","modified_gmt":"2024-12-17T19:24:40","slug":"hodinovy-pronajem-vozu","status":"publish","type":"page","link":"https:\/\/www.almasyf.cz\/cz\/hodinovy-pronajem-vozu\/","title":{"rendered":"Hodinov\u00fd pron\u00e1jem vozu"},"content":{"rendered":"\n<h1 class=\"wp-block-heading\">Slu\u017eba je ide\u00e1ln\u00ed pro firemn\u00ed i soukrom\u00e9 \u00fa\u010dely, jako jsou:<\/h1>\n\n\n\n<ul class=\"wp-block-list\">\n<li>P\u0159ejezdy na v\u00edce destinac\u00ed<\/li>\n\n\n\n<li>Ud\u00e1losti, kdy je \u010das n\u00e1vratu nejist\u00fd<\/li>\n\n\n\n<li>Firemn\u00ed meetingy a akce<\/li>\n\n\n\n<li>Business n\u00e1v\u0161t\u011bvy<\/li>\n\n\n\n<li>Prohl\u00eddky pam\u00e1tek nebo m\u011bst<\/li>\n\n\n\n<li>Rodinn\u00e9 oslavy a akce<\/li>\n\n\n\n<li>Shopping<\/li>\n\n\n\n<li>Svatby<\/li>\n\n\n\n<li>Ve\u010de\u0159e, divadlo, opera<\/li>\n<\/ul>\n\n\n\n<h1 class=\"wp-block-heading\">Kl\u00ed\u010dov\u00e9 v\u00fdhody<\/h1>\n\n\n\n<p><strong>Flexibilita:<\/strong> Nen\u00ed t\u0159eba p\u0159edem poskytovat podrobn\u00fd itiner\u00e1\u0159.<br><strong>Dostupnost:<\/strong> V\u016fz z\u016fstane s v\u00e1mi a zajist\u00ed v\u00e1m p\u0159epravu, kdykoli ji budete pot\u0159ebovat.<\/p>\n\n\n\n<div>\n  <a href=\"\/cz\/rezervace\" class=\"btn btn-lg btn-secondary\">Rezervovat<\/a>\n<\/div>\n\n\n\n<p><\/p>\n","protected":false},"excerpt":{"rendered":"<p>Slu\u017eba je ide\u00e1ln\u00ed pro firemn\u00ed i soukrom\u00e9 \u00fa\u010dely, jako jsou: Kl\u00ed\u010dov\u00e9 v\u00fdhody Flexibilita: Nen\u00ed t\u0159eba p\u0159edem poskytovat podrobn\u00fd itiner\u00e1\u0159.Dostupnost: V\u016fz z\u016fstane s v\u00e1mi a zajist\u00ed v\u00e1m p\u0159epravu, kdykoli ji budete pot\u0159ebovat. Rezervovat<\/p>\n","protected":false},"author":2,"featured_media":1325,"parent":0,"menu_order":0,"comment_status":"closed","ping_status":"closed","template":"parts\/detail-service-page.php","meta":{"_acf_changed":false,"inline_featured_image":false,"footnotes":""},"class_list":["post-131","page","type-page","status-publish","has-post-thumbnail","hentry"],"acf":[],"yoast_head":"<!-- This site is optimized with the Yoast SEO plugin v26.0 - https:\/\/yoast.com\/wordpress\/plugins\/seo\/ -->\n<title>Hodinov\u00fd pron\u00e1jem vozu | Almasyf.cz | Limuz\u00edny Praha<\/title>\n<meta name=\"description\" content=\"Nab\u00edz\u00edme hodinov\u00fd pron\u00e1jem VIP vozu s profesion\u00e1ln\u00edm \u0159idi\u010dem. Rezervujte si v\u016fz na ur\u010dit\u00fd po\u010det hodin a nebu\u010fte limitov\u00e1ni \u010dasem ani m\u00edstem.\" \/>\n<meta name=\"robots\" content=\"index, follow, max-snippet:-1, max-image-preview:large, max-video-preview:-1\" \/>\n<link rel=\"canonical\" href=\"https:\/\/www.almasyf.cz\/cz\/hodinovy-pronajem-vozu\/\" \/>\n<meta property=\"og:locale\" content=\"cs_CZ\" \/>\n<meta property=\"og:type\" content=\"article\" \/>\n<meta property=\"og:title\" content=\"Hodinov\u00fd pron\u00e1jem vozu | Almasyf.cz | Limuz\u00edny Praha\" \/>\n<meta property=\"og:description\" content=\"Nab\u00edz\u00edme hodinov\u00fd pron\u00e1jem VIP vozu s profesion\u00e1ln\u00edm \u0159idi\u010dem. Rezervujte si v\u016fz na ur\u010dit\u00fd po\u010det hodin a nebu\u010fte limitov\u00e1ni \u010dasem ani m\u00edstem.\" \/>\n<meta property=\"og:url\" content=\"https:\/\/www.almasyf.cz\/cz\/hodinovy-pronajem-vozu\/\" \/>\n<meta property=\"og:site_name\" content=\"Almasyf.cz | Limuz\u00edny Praha\" \/>\n<meta property=\"article:modified_time\" content=\"2024-12-17T19:24:40+00:00\" \/>\n<meta property=\"og:image\" content=\"http:\/\/www.almasyf.cz\/cz\/wp-content\/uploads\/sites\/2\/2024\/12\/hourly.jpg\" \/>\n\t<meta property=\"og:image:width\" content=\"1796\" \/>\n\t<meta property=\"og:image:height\" content=\"1564\" \/>\n\t<meta property=\"og:image:type\" content=\"image\/jpeg\" \/>\n<meta name=\"twitter:card\" content=\"summary_large_image\" \/>\n<meta name=\"twitter:label1\" content=\"Odhadovan\u00e1 doba \u010dten\u00ed\" \/>\n\t<meta name=\"twitter:data1\" content=\"1 minuta\" \/>\n<script type=\"application\/ld+json\" class=\"yoast-schema-graph\">{\"@context\":\"https:\/\/schema.org\",\"@graph\":[{\"@type\":\"WebPage\",\"@id\":\"https:\/\/www.almasyf.cz\/cz\/hodinovy-pronajem-vozu\/\",\"url\":\"https:\/\/www.almasyf.cz\/cz\/hodinovy-pronajem-vozu\/\",\"name\":\"Hodinov\u00fd pron\u00e1jem vozu | Almasyf.cz | Limuz\u00edny Praha\",\"isPartOf\":{\"@id\":\"https:\/\/www.almasyf.cz\/cz\/#website\"},\"primaryImageOfPage\":{\"@id\":\"https:\/\/www.almasyf.cz\/cz\/hodinovy-pronajem-vozu\/#primaryimage\"},\"image\":{\"@id\":\"https:\/\/www.almasyf.cz\/cz\/hodinovy-pronajem-vozu\/#primaryimage\"},\"thumbnailUrl\":\"https:\/\/www.almasyf.cz\/cz\/wp-content\/uploads\/sites\/2\/2024\/12\/hourly.jpg\",\"datePublished\":\"2024-02-26T16:16:57+00:00\",\"dateModified\":\"2024-12-17T19:24:40+00:00\",\"description\":\"Nab\u00edz\u00edme hodinov\u00fd pron\u00e1jem VIP vozu s profesion\u00e1ln\u00edm \u0159idi\u010dem. Rezervujte si v\u016fz na ur\u010dit\u00fd po\u010det hodin a nebu\u010fte limitov\u00e1ni \u010dasem ani m\u00edstem.\",\"breadcrumb\":{\"@id\":\"https:\/\/www.almasyf.cz\/cz\/hodinovy-pronajem-vozu\/#breadcrumb\"},\"inLanguage\":\"cs\",\"potentialAction\":[{\"@type\":\"ReadAction\",\"target\":[\"https:\/\/www.almasyf.cz\/cz\/hodinovy-pronajem-vozu\/\"]}]},{\"@type\":\"ImageObject\",\"inLanguage\":\"cs\",\"@id\":\"https:\/\/www.almasyf.cz\/cz\/hodinovy-pronajem-vozu\/#primaryimage\",\"url\":\"https:\/\/www.almasyf.cz\/cz\/wp-content\/uploads\/sites\/2\/2024\/12\/hourly.jpg\",\"contentUrl\":\"https:\/\/www.almasyf.cz\/cz\/wp-content\/uploads\/sites\/2\/2024\/12\/hourly.jpg\",\"width\":1796,\"height\":1564},{\"@type\":\"BreadcrumbList\",\"@id\":\"https:\/\/www.almasyf.cz\/cz\/hodinovy-pronajem-vozu\/#breadcrumb\",\"itemListElement\":[{\"@type\":\"ListItem\",\"position\":1,\"name\":\"Dom\u016f\",\"item\":\"https:\/\/www.almasyf.cz\/cz\/\"},{\"@type\":\"ListItem\",\"position\":2,\"name\":\"Hodinov\u00fd pron\u00e1jem vozu\"}]},{\"@type\":\"WebSite\",\"@id\":\"https:\/\/www.almasyf.cz\/cz\/#website\",\"url\":\"https:\/\/www.almasyf.cz\/cz\/\",\"name\":\"almasyf.cz - CZ\",\"description\":\"\",\"potentialAction\":[{\"@type\":\"SearchAction\",\"target\":{\"@type\":\"EntryPoint\",\"urlTemplate\":\"https:\/\/www.almasyf.cz\/cz\/?s={search_term_string}\"},\"query-input\":{\"@type\":\"PropertyValueSpecification\",\"valueRequired\":true,\"valueName\":\"search_term_string\"}}],\"inLanguage\":\"cs\"}]}<\/script>\n<!-- \/ Yoast SEO plugin. -->","yoast_head_json":{"title":"Hodinov\u00fd pron\u00e1jem vozu | Almasyf.cz | Limuz\u00edny Praha","description":"Nab\u00edz\u00edme hodinov\u00fd pron\u00e1jem VIP vozu s profesion\u00e1ln\u00edm \u0159idi\u010dem. Rezervujte si v\u016fz na ur\u010dit\u00fd po\u010det hodin a nebu\u010fte limitov\u00e1ni \u010dasem ani m\u00edstem.","robots":{"index":"index","follow":"follow","max-snippet":"max-snippet:-1","max-image-preview":"max-image-preview:large","max-video-preview":"max-video-preview:-1"},"canonical":"https:\/\/www.almasyf.cz\/cz\/hodinovy-pronajem-vozu\/","og_locale":"cs_CZ","og_type":"article","og_title":"Hodinov\u00fd pron\u00e1jem vozu | Almasyf.cz | Limuz\u00edny Praha","og_description":"Nab\u00edz\u00edme hodinov\u00fd pron\u00e1jem VIP vozu s profesion\u00e1ln\u00edm \u0159idi\u010dem. Rezervujte si v\u016fz na ur\u010dit\u00fd po\u010det hodin a nebu\u010fte limitov\u00e1ni \u010dasem ani m\u00edstem.","og_url":"https:\/\/www.almasyf.cz\/cz\/hodinovy-pronajem-vozu\/","og_site_name":"Almasyf.cz | Limuz\u00edny Praha","article_modified_time":"2024-12-17T19:24:40+00:00","og_image":[{"width":1796,"height":1564,"url":"http:\/\/www.almasyf.cz\/cz\/wp-content\/uploads\/sites\/2\/2024\/12\/hourly.jpg","type":"image\/jpeg"}],"twitter_card":"summary_large_image","twitter_misc":{"Odhadovan\u00e1 doba \u010dten\u00ed":"1 minuta"},"schema":{"@context":"https:\/\/schema.org","@graph":[{"@type":"WebPage","@id":"https:\/\/www.almasyf.cz\/cz\/hodinovy-pronajem-vozu\/","url":"https:\/\/www.almasyf.cz\/cz\/hodinovy-pronajem-vozu\/","name":"Hodinov\u00fd pron\u00e1jem vozu | Almasyf.cz | Limuz\u00edny Praha","isPartOf":{"@id":"https:\/\/www.almasyf.cz\/cz\/#website"},"primaryImageOfPage":{"@id":"https:\/\/www.almasyf.cz\/cz\/hodinovy-pronajem-vozu\/#primaryimage"},"image":{"@id":"https:\/\/www.almasyf.cz\/cz\/hodinovy-pronajem-vozu\/#primaryimage"},"thumbnailUrl":"https:\/\/www.almasyf.cz\/cz\/wp-content\/uploads\/sites\/2\/2024\/12\/hourly.jpg","datePublished":"2024-02-26T16:16:57+00:00","dateModified":"2024-12-17T19:24:40+00:00","description":"Nab\u00edz\u00edme hodinov\u00fd pron\u00e1jem VIP vozu s profesion\u00e1ln\u00edm \u0159idi\u010dem. Rezervujte si v\u016fz na ur\u010dit\u00fd po\u010det hodin a nebu\u010fte limitov\u00e1ni \u010dasem ani m\u00edstem.","breadcrumb":{"@id":"https:\/\/www.almasyf.cz\/cz\/hodinovy-pronajem-vozu\/#breadcrumb"},"inLanguage":"cs","potentialAction":[{"@type":"ReadAction","target":["https:\/\/www.almasyf.cz\/cz\/hodinovy-pronajem-vozu\/"]}]},{"@type":"ImageObject","inLanguage":"cs","@id":"https:\/\/www.almasyf.cz\/cz\/hodinovy-pronajem-vozu\/#primaryimage","url":"https:\/\/www.almasyf.cz\/cz\/wp-content\/uploads\/sites\/2\/2024\/12\/hourly.jpg","contentUrl":"https:\/\/www.almasyf.cz\/cz\/wp-content\/uploads\/sites\/2\/2024\/12\/hourly.jpg","width":1796,"height":1564},{"@type":"BreadcrumbList","@id":"https:\/\/www.almasyf.cz\/cz\/hodinovy-pronajem-vozu\/#breadcrumb","itemListElement":[{"@type":"ListItem","position":1,"name":"Dom\u016f","item":"https:\/\/www.almasyf.cz\/cz\/"},{"@type":"ListItem","position":2,"name":"Hodinov\u00fd pron\u00e1jem vozu"}]},{"@type":"WebSite","@id":"https:\/\/www.almasyf.cz\/cz\/#website","url":"https:\/\/www.almasyf.cz\/cz\/","name":"almasyf.cz - CZ","description":"","potentialAction":[{"@type":"SearchAction","target":{"@type":"EntryPoint","urlTemplate":"https:\/\/www.almasyf.cz\/cz\/?s={search_term_string}"},"query-input":{"@type":"PropertyValueSpecification","valueRequired":true,"valueName":"search_term_string"}}],"inLanguage":"cs"}]}},"_links":{"self":[{"href":"https:\/\/www.almasyf.cz\/cz\/wp-json\/wp\/v2\/pages\/131","targetHints":{"allow":["GET"]}}],"collection":[{"href":"https:\/\/www.almasyf.cz\/cz\/wp-json\/wp\/v2\/pages"}],"about":[{"href":"https:\/\/www.almasyf.cz\/cz\/wp-json\/wp\/v2\/types\/page"}],"author":[{"embeddable":true,"href":"https:\/\/www.almasyf.cz\/cz\/wp-json\/wp\/v2\/users\/2"}],"replies":[{"embeddable":true,"href":"https:\/\/www.almasyf.cz\/cz\/wp-json\/wp\/v2\/comments?post=131"}],"version-history":[{"count":1,"href":"https:\/\/www.almasyf.cz\/cz\/wp-json\/wp\/v2\/pages\/131\/revisions"}],"predecessor-version":[{"id":720,"href":"https:\/\/www.almasyf.cz\/cz\/wp-json\/wp\/v2\/pages\/131\/revisions\/720"}],"wp:featuredmedia":[{"embeddable":true,"href":"https:\/\/www.almasyf.cz\/cz\/wp-json\/wp\/v2\/media\/1325"}],"wp:attachment":[{"href":"https:\/\/www.almasyf.cz\/cz\/wp-json\/wp\/v2\/media?parent=131"}],"curies":[{"name":"wp","href":"https:\/\/api.w.org\/{rel}","templated":true}]}}

Hodinový pronájem vozu

<h1 class="wp-block-heading">Služba je ideální pro firemní i soukromé účely, jako jsou:</h1>



<ul class="wp-block-list">
<li>Přejezdy na více destinací</li>



<li>Události, kdy je čas návratu nejistý</li>



<li>Firemní meetingy a akce</li>



<li>Business návštěvy</li>



<li>Prohlídky památek nebo měst</li>



<li>Rodinné oslavy a akce</li>



<li>Shopping</li>



<li>Svatby</li>



<li>Večeře, divadlo, opera</li>
</ul>



<h1 class="wp-block-heading">Klíčové výhody</h1>



<p><strong>Flexibilita:</strong> Není třeba předem poskytovat podrobný itinerář.<br><strong>Dostupnost:</strong> Vůz zůstane s vámi a zajistí vám přepravu, kdykoli ji budete potřebovat.</p>



<div>
  <a href="/cz/rezervace" class="btn btn-lg btn-secondary">Rezervovat</a>
</div>



<p></p>

<p>Služba je ideální pro firemní i soukromé účely, jako jsou: Klíčové výhody Flexibilita: Není třeba předem poskytovat podrobný itinerář.Dostupnost: Vůz zůstane s vámi a zajistí vám přepravu, kdykoli ji budete potřebovat. Rezervovat</p>

<!-- This site is optimized with the Yoast SEO plugin v26.0 - https://yoast.com/wordpress/plugins/seo/ -->
<title>Hodinový pronájem vozu | Almasyf.cz | Limuzíny Praha</title>
<meta name="description" content="Nabízíme hodinový pronájem VIP vozu s profesionálním řidičem. Rezervujte si vůz na určitý počet hodin a nebuďte limitováni časem ani místem." />
<meta name="robots" content="index, follow, max-snippet:-1, max-image-preview:large, max-video-preview:-1" />
<link rel="canonical" href="https://www.almasyf.cz/cz/hodinovy-pronajem-vozu/" />
<meta property="og:locale" content="cs_CZ" />
<meta property="og:type" content="article" />
<meta property="og:title" content="Hodinový pronájem vozu | Almasyf.cz | Limuzíny Praha" />
<meta property="og:description" content="Nabízíme hodinový pronájem VIP vozu s profesionálním řidičem. Rezervujte si vůz na určitý počet hodin a nebuďte limitováni časem ani místem." />
<meta property="og:url" content="https://www.almasyf.cz/cz/hodinovy-pronajem-vozu/" />
<meta property="og:site_name" content="Almasyf.cz | Limuzíny Praha" />
<meta property="article:modified_time" content="2024-12-17T19:24:40+00:00" />
<meta property="og:image" content="http://www.almasyf.cz/cz/wp-content/uploads/sites/2/2024/12/hourly.jpg" />
	<meta property="og:image:width" content="1796" />
	<meta property="og:image:height" content="1564" />
	<meta property="og:image:type" content="image/jpeg" />
<meta name="twitter:card" content="summary_large_image" />
<meta name="twitter:label1" content="Odhadovaná doba čtení" />
	<meta name="twitter:data1" content="1 minuta" />
<script type="application/ld+json" class="yoast-schema-graph">{"@context":"https://schema.org","@graph":[{"@type":"WebPage","@id":"https://www.almasyf.cz/cz/hodinovy-pronajem-vozu/","url":"https://www.almasyf.cz/cz/hodinovy-pronajem-vozu/","name":"Hodinový pronájem vozu | Almasyf.cz | Limuzíny Praha","isPartOf":{"@id":"https://www.almasyf.cz/cz/#website"},"primaryImageOfPage":{"@id":"https://www.almasyf.cz/cz/hodinovy-pronajem-vozu/#primaryimage"},"image":{"@id":"https://www.almasyf.cz/cz/hodinovy-pronajem-vozu/#primaryimage"},"thumbnailUrl":"https://www.almasyf.cz/cz/wp-content/uploads/sites/2/2024/12/hourly.jpg","datePublished":"2024-02-26T16:16:57+00:00","dateModified":"2024-12-17T19:24:40+00:00","description":"Nabízíme hodinový pronájem VIP vozu s profesionálním řidičem. Rezervujte si vůz na určitý počet hodin a nebuďte limitováni časem ani místem.","breadcrumb":{"@id":"https://www.almasyf.cz/cz/hodinovy-pronajem-vozu/#breadcrumb"},"inLanguage":"cs","potentialAction":[{"@type":"ReadAction","target":["https://www.almasyf.cz/cz/hodinovy-pronajem-vozu/"]}]},{"@type":"ImageObject","inLanguage":"cs","@id":"https://www.almasyf.cz/cz/hodinovy-pronajem-vozu/#primaryimage","url":"https://www.almasyf.cz/cz/wp-content/uploads/sites/2/2024/12/hourly.jpg","contentUrl":"https://www.almasyf.cz/cz/wp-content/uploads/sites/2/2024/12/hourly.jpg","width":1796,"height":1564},{"@type":"BreadcrumbList","@id":"https://www.almasyf.cz/cz/hodinovy-pronajem-vozu/#breadcrumb","itemListElement":[{"@type":"ListItem","position":1,"name":"Domů","item":"https://www.almasyf.cz/cz/"},{"@type":"ListItem","position":2,"name":"Hodinový pronájem vozu"}]},{"@type":"WebSite","@id":"https://www.almasyf.cz/cz/#website","url":"https://www.almasyf.cz/cz/","name":"almasyf.cz - CZ","description":"","potentialAction":[{"@type":"SearchAction","target":{"@type":"EntryPoint","urlTemplate":"https://www.almasyf.cz/cz/?s={search_term_string}"},"query-input":{"@type":"PropertyValueSpecification","valueRequired":true,"valueName":"search_term_string"}}],"inLanguage":"cs"}]}</script>
<!-- / Yoast SEO plugin. -->

Hodinový pronájem vozu | Almasyf.cz | Limuzíny Praha

Nabízíme hodinový pronájem VIP vozu s profesionálním řidičem. Rezervujte si vůz na určitý počet hodin a nebuďte limitováni časem ani místem.

Almasyf.cz | Limuzíny Praha

Domů
