{"id":55,"date":"2024-02-19T12:33:55","date_gmt":"2024-02-19T12:33:55","guid":{"rendered":"http:\/\/almasyf.mdworks-dev.cz\/?page_id=55"},"modified":"2024-02-19T12:33:55","modified_gmt":"2024-02-19T12:33:55","slug":"pronajem-luxusnich-vozu-s-ridicem","status":"publish","type":"page","link":"https:\/\/www.almasyf.cz\/cz\/pronajem-luxusnich-vozu-s-ridicem\/","title":{"rendered":"Pron\u00e1jem limuz\u00edn &amp; Transfery"},"content":{"rendered":"\n<p>Specializujeme se na pron\u00e1jem luxusn\u00edch voz\u016f s \u0159idi\u010dem v Praze, \u010cesk\u00e9 republice i EU pro leti\u0161tn\u00ed a business transfery, hodinov\u00e9 pron\u00e1jmy i dopravu pro vl\u00e1dn\u00ed a diplomatick\u00e9 delegace. Poskytujeme tak\u00e9 osobn\u00ed ochranu, slu\u017eby pro business a osobn\u00ed ud\u00e1losti a kompletn\u00ed servis private jet na termin\u00e1lu T3 na leti\u0161ti V\u00e1clava Havla. Na\u0161i zku\u0161en\u00ed \u0159idi\u010di jsou profesion\u00e1lov\u00e9 a pracuj\u00ed jako jeden t\u00fdm. P\u0159edev\u0161\u00edm ale ocen\u00edte na\u0161i exkluzivn\u00ed flotilu nejnov\u011bj\u0161\u00edch model\u016f voz\u016f zna\u010dky <span class=\"no-wrap\">Mercedes-Benz<\/span>.<\/p>\n","protected":false},"excerpt":{"rendered":"<p>Specializujeme se na pron\u00e1jem luxusn\u00edch voz\u016f s \u0159idi\u010dem v Praze, \u010cesk\u00e9 republice i EU pro leti\u0161tn\u00ed a business transfery, hodinov\u00e9 pron\u00e1jmy i dopravu pro vl\u00e1dn\u00ed a diplomatick\u00e9 delegace. Poskytujeme tak\u00e9 osobn\u00ed ochranu, slu\u017eby pro business a osobn\u00ed ud\u00e1losti a kompletn\u00ed servis private jet na termin\u00e1lu T3 na leti\u0161ti V\u00e1clava Havla. Na\u0161i zku\u0161en\u00ed \u0159idi\u010di jsou profesion\u00e1lov\u00e9 [&hellip;]<\/p>\n","protected":false},"author":2,"featured_media":702,"parent":0,"menu_order":0,"comment_status":"closed","ping_status":"closed","template":"parts\/detail-service-page.php","meta":{"_acf_changed":false,"inline_featured_image":false,"footnotes":""},"class_list":["post-55","page","type-page","status-publish","has-post-thumbnail","hentry"],"acf":[],"yoast_head":"<!-- This site is optimized with the Yoast SEO plugin v26.0 - https:\/\/yoast.com\/wordpress\/plugins\/seo\/ -->\n<title>Pron\u00e1jem limuz\u00edn &amp; Transfery - Almasyf.cz | Limuz\u00edny Praha<\/title>\n<meta name=\"robots\" content=\"index, follow, max-snippet:-1, max-image-preview:large, max-video-preview:-1\" \/>\n<link rel=\"canonical\" href=\"https:\/\/www.almasyf.cz\/cz\/pronajem-luxusnich-vozu-s-ridicem\/\" \/>\n<meta property=\"og:locale\" content=\"cs_CZ\" \/>\n<meta property=\"og:type\" content=\"article\" \/>\n<meta property=\"og:title\" content=\"Pron\u00e1jem limuz\u00edn &amp; Transfery - Almasyf.cz | Limuz\u00edny Praha\" \/>\n<meta property=\"og:description\" content=\"Specializujeme se na pron\u00e1jem luxusn\u00edch voz\u016f s \u0159idi\u010dem v Praze, \u010cesk\u00e9 republice i EU pro leti\u0161tn\u00ed a business transfery, hodinov\u00e9 pron\u00e1jmy i dopravu pro vl\u00e1dn\u00ed a diplomatick\u00e9 delegace. Poskytujeme tak\u00e9 osobn\u00ed ochranu, slu\u017eby pro business a osobn\u00ed ud\u00e1losti a kompletn\u00ed servis private jet na termin\u00e1lu T3 na leti\u0161ti V\u00e1clava Havla. Na\u0161i zku\u0161en\u00ed \u0159idi\u010di jsou profesion\u00e1lov\u00e9 [&hellip;]\" \/>\n<meta property=\"og:url\" content=\"https:\/\/www.almasyf.cz\/cz\/pronajem-luxusnich-vozu-s-ridicem\/\" \/>\n<meta property=\"og:site_name\" content=\"Almasyf.cz | Limuz\u00edny Praha\" \/>\n<meta property=\"og:image\" content=\"https:\/\/www.almasyf.cz\/cz\/wp-content\/uploads\/sites\/2\/2024\/04\/hero-pronajem-new.webp\" \/>\n\t<meta property=\"og:image:width\" content=\"1796\" \/>\n\t<meta property=\"og:image:height\" content=\"1564\" \/>\n\t<meta property=\"og:image:type\" content=\"image\/webp\" \/>\n<meta name=\"twitter:card\" content=\"summary_large_image\" \/>\n<meta name=\"twitter:label1\" content=\"Odhadovan\u00e1 doba \u010dten\u00ed\" \/>\n\t<meta name=\"twitter:data1\" content=\"1 minuta\" \/>\n<script type=\"application\/ld+json\" class=\"yoast-schema-graph\">{\"@context\":\"https:\/\/schema.org\",\"@graph\":[{\"@type\":\"WebPage\",\"@id\":\"https:\/\/www.almasyf.cz\/cz\/pronajem-luxusnich-vozu-s-ridicem\/\",\"url\":\"https:\/\/www.almasyf.cz\/cz\/pronajem-luxusnich-vozu-s-ridicem\/\",\"name\":\"Pron\u00e1jem limuz\u00edn &amp; Transfery - Almasyf.cz | Limuz\u00edny Praha\",\"isPartOf\":{\"@id\":\"https:\/\/www.almasyf.cz\/cz\/#website\"},\"primaryImageOfPage\":{\"@id\":\"https:\/\/www.almasyf.cz\/cz\/pronajem-luxusnich-vozu-s-ridicem\/#primaryimage\"},\"image\":{\"@id\":\"https:\/\/www.almasyf.cz\/cz\/pronajem-luxusnich-vozu-s-ridicem\/#primaryimage\"},\"thumbnailUrl\":\"https:\/\/www.almasyf.cz\/cz\/wp-content\/uploads\/sites\/2\/2024\/04\/hero-pronajem-new.webp\",\"datePublished\":\"2024-02-19T12:33:55+00:00\",\"breadcrumb\":{\"@id\":\"https:\/\/www.almasyf.cz\/cz\/pronajem-luxusnich-vozu-s-ridicem\/#breadcrumb\"},\"inLanguage\":\"cs\",\"potentialAction\":[{\"@type\":\"ReadAction\",\"target\":[\"https:\/\/www.almasyf.cz\/cz\/pronajem-luxusnich-vozu-s-ridicem\/\"]}]},{\"@type\":\"ImageObject\",\"inLanguage\":\"cs\",\"@id\":\"https:\/\/www.almasyf.cz\/cz\/pronajem-luxusnich-vozu-s-ridicem\/#primaryimage\",\"url\":\"https:\/\/www.almasyf.cz\/cz\/wp-content\/uploads\/sites\/2\/2024\/04\/hero-pronajem-new.webp\",\"contentUrl\":\"https:\/\/www.almasyf.cz\/cz\/wp-content\/uploads\/sites\/2\/2024\/04\/hero-pronajem-new.webp\",\"width\":1796,\"height\":1564},{\"@type\":\"BreadcrumbList\",\"@id\":\"https:\/\/www.almasyf.cz\/cz\/pronajem-luxusnich-vozu-s-ridicem\/#breadcrumb\",\"itemListElement\":[{\"@type\":\"ListItem\",\"position\":1,\"name\":\"Dom\u016f\",\"item\":\"https:\/\/www.almasyf.cz\/cz\/\"},{\"@type\":\"ListItem\",\"position\":2,\"name\":\"Pron\u00e1jem limuz\u00edn &amp; Transfery\"}]},{\"@type\":\"WebSite\",\"@id\":\"https:\/\/www.almasyf.cz\/cz\/#website\",\"url\":\"https:\/\/www.almasyf.cz\/cz\/\",\"name\":\"almasyf.cz - CZ\",\"description\":\"\",\"potentialAction\":[{\"@type\":\"SearchAction\",\"target\":{\"@type\":\"EntryPoint\",\"urlTemplate\":\"https:\/\/www.almasyf.cz\/cz\/?s={search_term_string}\"},\"query-input\":{\"@type\":\"PropertyValueSpecification\",\"valueRequired\":true,\"valueName\":\"search_term_string\"}}],\"inLanguage\":\"cs\"}]}<\/script>\n<!-- \/ Yoast SEO plugin. -->","yoast_head_json":{"title":"Pron\u00e1jem limuz\u00edn &amp; Transfery - Almasyf.cz | Limuz\u00edny Praha","robots":{"index":"index","follow":"follow","max-snippet":"max-snippet:-1","max-image-preview":"max-image-preview:large","max-video-preview":"max-video-preview:-1"},"canonical":"https:\/\/www.almasyf.cz\/cz\/pronajem-luxusnich-vozu-s-ridicem\/","og_locale":"cs_CZ","og_type":"article","og_title":"Pron\u00e1jem limuz\u00edn &amp; Transfery - Almasyf.cz | Limuz\u00edny Praha","og_description":"Specializujeme se na pron\u00e1jem luxusn\u00edch voz\u016f s \u0159idi\u010dem v Praze, \u010cesk\u00e9 republice i EU pro leti\u0161tn\u00ed a business transfery, hodinov\u00e9 pron\u00e1jmy i dopravu pro vl\u00e1dn\u00ed a diplomatick\u00e9 delegace. Poskytujeme tak\u00e9 osobn\u00ed ochranu, slu\u017eby pro business a osobn\u00ed ud\u00e1losti a kompletn\u00ed servis private jet na termin\u00e1lu T3 na leti\u0161ti V\u00e1clava Havla. Na\u0161i zku\u0161en\u00ed \u0159idi\u010di jsou profesion\u00e1lov\u00e9 [&hellip;]","og_url":"https:\/\/www.almasyf.cz\/cz\/pronajem-luxusnich-vozu-s-ridicem\/","og_site_name":"Almasyf.cz | Limuz\u00edny Praha","og_image":[{"width":1796,"height":1564,"url":"https:\/\/www.almasyf.cz\/cz\/wp-content\/uploads\/sites\/2\/2024\/04\/hero-pronajem-new.webp","type":"image\/webp"}],"twitter_card":"summary_large_image","twitter_misc":{"Odhadovan\u00e1 doba \u010dten\u00ed":"1 minuta"},"schema":{"@context":"https:\/\/schema.org","@graph":[{"@type":"WebPage","@id":"https:\/\/www.almasyf.cz\/cz\/pronajem-luxusnich-vozu-s-ridicem\/","url":"https:\/\/www.almasyf.cz\/cz\/pronajem-luxusnich-vozu-s-ridicem\/","name":"Pron\u00e1jem limuz\u00edn &amp; Transfery - Almasyf.cz | Limuz\u00edny Praha","isPartOf":{"@id":"https:\/\/www.almasyf.cz\/cz\/#website"},"primaryImageOfPage":{"@id":"https:\/\/www.almasyf.cz\/cz\/pronajem-luxusnich-vozu-s-ridicem\/#primaryimage"},"image":{"@id":"https:\/\/www.almasyf.cz\/cz\/pronajem-luxusnich-vozu-s-ridicem\/#primaryimage"},"thumbnailUrl":"https:\/\/www.almasyf.cz\/cz\/wp-content\/uploads\/sites\/2\/2024\/04\/hero-pronajem-new.webp","datePublished":"2024-02-19T12:33:55+00:00","breadcrumb":{"@id":"https:\/\/www.almasyf.cz\/cz\/pronajem-luxusnich-vozu-s-ridicem\/#breadcrumb"},"inLanguage":"cs","potentialAction":[{"@type":"ReadAction","target":["https:\/\/www.almasyf.cz\/cz\/pronajem-luxusnich-vozu-s-ridicem\/"]}]},{"@type":"ImageObject","inLanguage":"cs","@id":"https:\/\/www.almasyf.cz\/cz\/pronajem-luxusnich-vozu-s-ridicem\/#primaryimage","url":"https:\/\/www.almasyf.cz\/cz\/wp-content\/uploads\/sites\/2\/2024\/04\/hero-pronajem-new.webp","contentUrl":"https:\/\/www.almasyf.cz\/cz\/wp-content\/uploads\/sites\/2\/2024\/04\/hero-pronajem-new.webp","width":1796,"height":1564},{"@type":"BreadcrumbList","@id":"https:\/\/www.almasyf.cz\/cz\/pronajem-luxusnich-vozu-s-ridicem\/#breadcrumb","itemListElement":[{"@type":"ListItem","position":1,"name":"Dom\u016f","item":"https:\/\/www.almasyf.cz\/cz\/"},{"@type":"ListItem","position":2,"name":"Pron\u00e1jem limuz\u00edn &amp; Transfery"}]},{"@type":"WebSite","@id":"https:\/\/www.almasyf.cz\/cz\/#website","url":"https:\/\/www.almasyf.cz\/cz\/","name":"almasyf.cz - CZ","description":"","potentialAction":[{"@type":"SearchAction","target":{"@type":"EntryPoint","urlTemplate":"https:\/\/www.almasyf.cz\/cz\/?s={search_term_string}"},"query-input":{"@type":"PropertyValueSpecification","valueRequired":true,"valueName":"search_term_string"}}],"inLanguage":"cs"}]}},"_links":{"self":[{"href":"https:\/\/www.almasyf.cz\/cz\/wp-json\/wp\/v2\/pages\/55","targetHints":{"allow":["GET"]}}],"collection":[{"href":"https:\/\/www.almasyf.cz\/cz\/wp-json\/wp\/v2\/pages"}],"about":[{"href":"https:\/\/www.almasyf.cz\/cz\/wp-json\/wp\/v2\/types\/page"}],"author":[{"embeddable":true,"href":"https:\/\/www.almasyf.cz\/cz\/wp-json\/wp\/v2\/users\/2"}],"replies":[{"embeddable":true,"href":"https:\/\/www.almasyf.cz\/cz\/wp-json\/wp\/v2\/comments?post=55"}],"version-history":[{"count":0,"href":"https:\/\/www.almasyf.cz\/cz\/wp-json\/wp\/v2\/pages\/55\/revisions"}],"wp:featuredmedia":[{"embeddable":true,"href":"https:\/\/www.almasyf.cz\/cz\/wp-json\/wp\/v2\/media\/702"}],"wp:attachment":[{"href":"https:\/\/www.almasyf.cz\/cz\/wp-json\/wp\/v2\/media?parent=55"}],"curies":[{"name":"wp","href":"https:\/\/api.w.org\/{rel}","templated":true}]}}

Pronájem limuzín &amp; Transfery

<p>Specializujeme se na pronájem luxusních vozů s řidičem v Praze, České republice i EU pro letištní a business transfery, hodinové pronájmy i dopravu pro vládní a diplomatické delegace. Poskytujeme také osobní ochranu, služby pro business a osobní události a kompletní servis private jet na terminálu T3 na letišti Václava Havla. Naši zkušení řidiči jsou profesionálové a pracují jako jeden tým. Především ale oceníte naši exkluzivní flotilu nejnovějších modelů vozů značky <span class="no-wrap">Mercedes-Benz</span>.</p>

<p>Specializujeme se na pronájem luxusních vozů s řidičem v Praze, České republice i EU pro letištní a business transfery, hodinové pronájmy i dopravu pro vládní a diplomatické delegace. Poskytujeme také osobní ochranu, služby pro business a osobní události a kompletní servis private jet na terminálu T3 na letišti Václava Havla. Naši zkušení řidiči jsou profesionálové [&hellip;]</p>

<!-- This site is optimized with the Yoast SEO plugin v26.0 - https://yoast.com/wordpress/plugins/seo/ -->
<title>Pronájem limuzín &amp; Transfery - Almasyf.cz | Limuzíny Praha</title>
<meta name="robots" content="index, follow, max-snippet:-1, max-image-preview:large, max-video-preview:-1" />
<link rel="canonical" href="https://www.almasyf.cz/cz/pronajem-luxusnich-vozu-s-ridicem/" />
<meta property="og:locale" content="cs_CZ" />
<meta property="og:type" content="article" />
<meta property="og:title" content="Pronájem limuzín &amp; Transfery - Almasyf.cz | Limuzíny Praha" />
<meta property="og:description" content="Specializujeme se na pronájem luxusních vozů s řidičem v Praze, České republice i EU pro letištní a business transfery, hodinové pronájmy i dopravu pro vládní a diplomatické delegace. Poskytujeme také osobní ochranu, služby pro business a osobní události a kompletní servis private jet na terminálu T3 na letišti Václava Havla. Naši zkušení řidiči jsou profesionálové [&hellip;]" />
<meta property="og:url" content="https://www.almasyf.cz/cz/pronajem-luxusnich-vozu-s-ridicem/" />
<meta property="og:site_name" content="Almasyf.cz | Limuzíny Praha" />
<meta property="og:image" content="https://www.almasyf.cz/cz/wp-content/uploads/sites/2/2024/04/hero-pronajem-new.webp" />
	<meta property="og:image:width" content="1796" />
	<meta property="og:image:height" content="1564" />
	<meta property="og:image:type" content="image/webp" />
<meta name="twitter:card" content="summary_large_image" />
<meta name="twitter:label1" content="Odhadovaná doba čtení" />
	<meta name="twitter:data1" content="1 minuta" />
<script type="application/ld+json" class="yoast-schema-graph">{"@context":"https://schema.org","@graph":[{"@type":"WebPage","@id":"https://www.almasyf.cz/cz/pronajem-luxusnich-vozu-s-ridicem/","url":"https://www.almasyf.cz/cz/pronajem-luxusnich-vozu-s-ridicem/","name":"Pronájem limuzín &amp; Transfery - Almasyf.cz | Limuzíny Praha","isPartOf":{"@id":"https://www.almasyf.cz/cz/#website"},"primaryImageOfPage":{"@id":"https://www.almasyf.cz/cz/pronajem-luxusnich-vozu-s-ridicem/#primaryimage"},"image":{"@id":"https://www.almasyf.cz/cz/pronajem-luxusnich-vozu-s-ridicem/#primaryimage"},"thumbnailUrl":"https://www.almasyf.cz/cz/wp-content/uploads/sites/2/2024/04/hero-pronajem-new.webp","datePublished":"2024-02-19T12:33:55+00:00","breadcrumb":{"@id":"https://www.almasyf.cz/cz/pronajem-luxusnich-vozu-s-ridicem/#breadcrumb"},"inLanguage":"cs","potentialAction":[{"@type":"ReadAction","target":["https://www.almasyf.cz/cz/pronajem-luxusnich-vozu-s-ridicem/"]}]},{"@type":"ImageObject","inLanguage":"cs","@id":"https://www.almasyf.cz/cz/pronajem-luxusnich-vozu-s-ridicem/#primaryimage","url":"https://www.almasyf.cz/cz/wp-content/uploads/sites/2/2024/04/hero-pronajem-new.webp","contentUrl":"https://www.almasyf.cz/cz/wp-content/uploads/sites/2/2024/04/hero-pronajem-new.webp","width":1796,"height":1564},{"@type":"BreadcrumbList","@id":"https://www.almasyf.cz/cz/pronajem-luxusnich-vozu-s-ridicem/#breadcrumb","itemListElement":[{"@type":"ListItem","position":1,"name":"Domů","item":"https://www.almasyf.cz/cz/"},{"@type":"ListItem","position":2,"name":"Pronájem limuzín &amp; Transfery"}]},{"@type":"WebSite","@id":"https://www.almasyf.cz/cz/#website","url":"https://www.almasyf.cz/cz/","name":"almasyf.cz - CZ","description":"","potentialAction":[{"@type":"SearchAction","target":{"@type":"EntryPoint","urlTemplate":"https://www.almasyf.cz/cz/?s={search_term_string}"},"query-input":{"@type":"PropertyValueSpecification","valueRequired":true,"valueName":"search_term_string"}}],"inLanguage":"cs"}]}</script>
<!-- / Yoast SEO plugin. -->

Pronájem limuzín &amp; Transfery - Almasyf.cz | Limuzíny Praha

Specializujeme se na pronájem luxusních vozů s řidičem v Praze, České republice i EU pro letištní a business transfery, hodinové pronájmy i dopravu pro vládní a diplomatické delegace. Poskytujeme také osobní ochranu, služby pro business a osobní události a kompletní servis private jet na terminálu T3 na letišti Václava Havla. Naši zkušení řidiči jsou profesionálové [&hellip;]

Almasyf.cz | Limuzíny Praha

Domů
